 -w = -2*d + 140 + 84. Let t(n) = 4*n - 167. Let g be t(51). What is the greatest common factor of d and g?
37
Let s = 50 + -43. Let c(j) = -3*j + 23. Let n be c(s). Let g be ((-4)/(-12))/(n/18). What is the highest common factor of 18 and g?
3
Let w be (-2)/(-3) - 468/(-27). Suppose g = -g + w. Let h = 165 - 120. What is the highest common factor of g and h?
9
Let x = 8955 + -2310. What is the greatest common divisor of x and 15?
15
Let y = 46122 - 45890. Calculate the greatest common divisor of y and 1576.
8
Let n be 222/4 + (-13)/(-26). Suppose 0 = 2*i - 3*y - 519, -27*i + 1235 = -22*i + 5*y. Calculate the highest common factor of n and i.
28
Let a(x) be the first derivative of 2*x**3/3 - 15*x**2/2 + 17*x - 13. Let l be a(7). Calculate the greatest common divisor of l and 40.
10
Let i(x) = -2*x**2 - 13*x + 714. Let u be i(-20). What is the highest common divisor of 6 and u?
6
Let u be (1 + 3)*12/(-8). Let d = u - -14. Suppose 3*g + 189 = -5*z + 501, -g + 2*z = -104. Calculate the greatest common factor of d and g.
8
Suppose p + 5 = 0, 164*p = -4*v + 159*p + 1775. Suppose 3*q - 16 = 11. What is the greatest common factor of q and v?
9
Let v(g) = 2*g**3 - 7*g**2 + 3*g + 4. Let a be v(3). Let r be 5 + (-1 - a) + (-1075)/(-5). What is the greatest common factor of r and 86?
43
Let r be ((-3294)/45)/((-132)/440). Calculate the highest common factor of 2196 and r.
244
Let a = 641 - 361. Suppose o - 8*o = -a. What is the highest common divisor of o and 16?
8
Let y(n) = 40*n**2 - 4*n + 3. Let c be y(2). Suppose -127*a + 994 = 359. Calculate the highest common divisor of a and c.
5
Let d = 115 + -50. Suppose 2*z + 2*q = 5*z + 113, z - 4*q + 31 = 0. Let b be z/9*(-4 - -1). Calculate the highest common divisor of b and d.
13
Let c = -277 - -322. Let s be (-33)/(-9) - 3 - (-5010)/c. What is the greatest common divisor of s and 48?
16
Suppose 4*l - 14 = -5*z, 2*z + l = -0*z + 5. Let s be 13 + (z/(-12))/(8/48). Calculate the greatest common factor of 288 and s.
12
Let f(q) = 71*q**2 - 1. Let d be f(-1). Let w be (-11583)/156 + (-1)/4*-1. Let m = 84 + w. What is the greatest common divisor of d and m?
10
Let f(m) = -9*m - 104. Let a be f(18). Let j = 737 - a. Calculate the greatest common divisor of 59 and j.
59
Let m be (8/5)/(1/((-20)/(-8))). Suppose -q + m*v + 112 = 0, 0*q + 4*q = -5*v + 553. What is the greatest common factor of 12 and q?
12
Let g = -672 - -674. Suppose -3*q - g*t = -339, -5*q - 5*t + 7*t = -581. What is the highest common factor of 92 and q?
23
Let y = -182 + 258. Suppose r + y = l, -2*l - 4*r - 79 = -3*l. Let u(j) = j**2 + 98*j + 1740. Let h be u(-75). Calculate the greatest common factor of h and l.
15
Let q(j) = 2*j + 23. Let w be q(-9). Suppose w*n + 1 = 31. Suppose -751 = -2*d - f, n*d - 3*d = -5*f + 1109. What is the greatest common factor of d and 54?
54
Suppose 5*y = 20, -3*t = -3*y - 165 + 558. Let a = 131 + t. Calculate the greatest common divisor of a and 32.
4
Suppose -3 = c, -5*q + 327 = -3*q - 5*c. Suppose -1380 = -161*a + q*a. Calculate the highest common factor of 36 and a.
12
Suppose -45 - 5385 = -30*r. Suppose -2299 - r = -10*d. Suppose z = 1, 2*j = -0*j - 4*z + 66. What is the greatest common divisor of j and d?
31
Let s(j) = -j**3 - 2*j**2 + 81*j + 4. Let k be s(-8). Let d = k - -345. What is the highest common factor of d and 5?
5
Let j(h) = h**2 + 23*h + 126. Let n = 446 - 461. Let i be j(n). Calculate the greatest common divisor of 33 and i.
3
Let q(c) = c**3 - 3*c**2 + 20*c - 69. Let g be q(5). What is the greatest common divisor of 33 and g?
3
Suppose -5*n - v + 1766 = 0, n - 5*v + 3*v - 362 = 0. What is the greatest common factor of n and 1947?
177
Suppose 98*m - 36729 = -m. Calculate the highest common factor of m and 3869.
53
Let b be (-264)/(-9) + 4/6. Let h be (-102)/(-8) + (-6)/(-24). Suppose 5*k + 3 = -g + h, g + 4*k - 11 = 0. Calculate the greatest common factor of g and b.
15
Suppose 256 = -9*o + 364. What is the greatest common factor of o and 426?
6
Let a(l) = 3*l + 15. Let h be a(-5). Suppose 2*b + 7 = -4*t + 101, 4*b + 4*t - 200 = h. What is the highest common divisor of b and 53?
53
Let c = 9486 - 9005. What is the greatest common factor of 37 and c?
37
Let v(i) = -i - 6. Suppose -c - 12 + 50 = -4*k, 3*c + 3*k - 39 = 0. Let w be 1 - (c - -1) - -2. Let t be v(w). What is the highest common factor of 15 and t?
5
Suppose 16977 = -11*k + 17945. What is the greatest common factor of 550 and k?
22
Suppose 74 = 3*o - 28. Suppose 4*t + 8 = 0, -4*f + 5*f - 2*t = 9. Suppose -f*b + 7*b = 340. What is the highest common divisor of o and b?
34
Let x be -25*1/(-2 + 1). Suppose 5*a - 210*y - 4238 = -208*y, -18 = -3*y. What is the greatest common divisor of x and a?
25
Let f = 4577 - 4258. What is the highest common factor of 435 and f?
29
Let s(j) = -j**3 + 41*j**2 - 402*j + 54. Let r be s(16). Let i(h) = 241*h**2 - h. Let z be i(-1). Calculate the highest common factor of r and z.
22
Let x = -461 - -463. Let z be (2/5)/(2/(-40)). Let i be (z/x + -4)/(-1). Calculate the greatest common divisor of i and 16.
8
Let c be 860/(-40)*1*670/(-5). Calculate the greatest common divisor of c and 134.
67
Let n be (38/19)/(2/2399). Suppose n = 41*f - 22406. What is the highest common factor of 110 and f?
55
Let b = 109 + -24. Suppose 336 = 23*n - 26*n. Let g = n + 117. What is the highest common factor of g and b?
5
Suppose -l - 853 = -3*n, -3*n + 4*l + 375 = -481. What is the highest common divisor of 923 and n?
71
Suppose -19 - 8 = -9*b. Suppose m = -n + 2*n + 27, b*m = -4*n + 88. Calculate the greatest common divisor of m and 14.
14
Suppose 4*q - 427 = 3*q. Let g = -13659 + 13720. Calculate the highest common factor of q and g.
61
Let f(l) = 499*l + 312. Let c be f(6). What is the greatest common divisor of 114 and c?
114
Let x = 462 - 458. Suppose x*t - 214 = -t + 2*b, 2*b = 4*t - 170. Let s be (3/2)/((-2)/(-44)). What is the highest common factor of s and t?
11
Let y(t) = 6*t**2 - 7*t + 2. Let a be y(5). Let i(f) = -2*f**2 - 12*f + 41. Let s be i(-8). What is the highest common divisor of s and a?
9
Let k(z) = z**3 + 8*z**2 - 8*z + 13. Let v be k(-9). Suppose -r + 24 = i - 17, -5*i = -v*r - 223. Calculate the highest common factor of i and 1.
1
Let g = 2196 + -1897. Calculate the highest common divisor of g and 143.
13
Let w be -6 - (-8)/16*142. Calculate the greatest common divisor of 10 and w.
5
Let b = 30 + -55. Let i be 3*-37*(-10)/(-30). Let p = b - i. What is the highest common factor of 3 and p?
3
Let c(o) = -15*o - 565. Let k be c(-43). Let u = 20 + -18. Suppose 2*z = -2*z + 4, -3*n - u*z + 50 = 0. What is the greatest common factor of k and n?
16
Let z(a) = -18*a - 6. Let m be z(-2). Let n be (-3 - (-29)/(-2))*2. Let t = n + 55. Calculate the greatest common divisor of t and m.
10
Let q = -6915 - -8037. Calculate the highest common divisor of 396 and q.
66
Let w(l) = 8*l**2 + 7*l - 30. Let q be w(4). Suppose 4*b - 142 = -q. Calculate the highest common divisor of b and 52.
4
Let r(l) = 47*l**3 - 2*l**2 + 2*l - 1. Let z be r(1). Let g(y) = 7 + 12 - 5 + 81*y - 5. Let s be g(5). What is the greatest common factor of s and z?
46
Let g be 8/(-10)*(-20)/8. Suppose -2*p - g*n + 8 = 0, 2*p - p + 4*n - 13 = 0. Let s be 1 - (-1 + p)/2. Calculate the highest common factor of 3 and s.
1
Let l(c) = -37*c**3 - c**2 - 4*c + 2. Let s be l(2). Let o be 4*s/(-48)*2. Calculate the highest common divisor of o and 561.
51
Let v(g) = -7*g - 70 + 2*g + 79 + 0*g. Let y be v(0). Calculate the greatest common divisor of 288 and y.
9
Suppose 35*k = 9073 - 3333. Let w = -49 - -90. What is the highest common factor of k and w?
41
Let p = 6012 - 4844. Calculate the highest common divisor of p and 73.
73
Suppose 3055 - 1810 = 73*x - 2040. What is the greatest common factor of x and 130?
5
Let x(r) = 5 + 5*r**2 + 12*r - 10*r**2 - 5*r**2 + r**3. Let p be x(6). Let w = -59 - p. Calculate the highest common divisor of 16 and w.
8
Suppose 0 = -2*h - b + 722, -173 = -h + 4*b + 215. What is the highest common factor of h and 572?
52
Let x be 511830/120 + 6*1/8. What is the highest common divisor of 54 and x?
54
Suppose -3*j - 300 = -46*j + 28*j. Calculate the highest common divisor of 32 and j.
4
Let h be ((-10)/(-4))/((-350)/(-5880)). Suppo